{"id":912,"date":"2023-08-15T04:53:27","date_gmt":"2023-08-15T04:53:27","guid":{"rendered":"https:\/\/nextlabcolombia.com\/?post_type=product&#038;p=912"},"modified":"2023-08-31T16:46:33","modified_gmt":"2023-08-31T16:46:33","slug":"mesas-antivibratorias","status":"publish","type":"product","link":"https:\/\/nextlabcolombia.com\/index.php\/producto\/mesas-antivibratorias\/","title":{"rendered":"Mesas Antivibratorias"},"content":{"rendered":"<p><a href='https:\/\/nextlabcolombia.com\/wp-content\/uploads\/2023\/08\/Ficha-Tecnica-Mesa-antivibratoria.pdf' class='small-button smallgreen' target=\"_blank\">Descargar ficha t\u00e9cnica<\/a><br \/>\n<a href='https:\/\/nextlabcolombia.com\/index.php\/formulario-de-cotizacion\/' class='small-button smallblue' target=\"_blank\">Realizar Cotizaci\u00f3n<\/a><\/p>\n<ul>\n<li>Equipo funcional para ser empleado con balanzas anal\u00edticas y de precisi\u00f3n<\/li>\n<li>Resistente a vibraciones y golpes que afecten mediciones<\/li>\n<li>Reduce la incertidumbre al eliminar elementos de imprecisi\u00f3n si se usa la balanza<\/li>\n<li>Es fabricada en granito Pulido<\/li>\n<li>Apta para realizar procesos de calibraci\u00f3n<\/li>\n<li>Altamente precisa, estable y \u00f3ptima para su transporte<\/li>\n<li>Dise\u00f1ada en materiales resistentes y duraderos para la amortiguaci\u00f3n de vibraciones<\/li>\n<li>Comprende una superficie lisa y uniforme<\/li>\n<\/ul>\n","protected":false},"excerpt":{"rendered":"<p><a href='https:\/\/nextlabcolombia.com\/wp-content\/uploads\/2023\/08\/Ficha-Tecnica-Mesa-antivibratoria.pdf' class='small-button smallgreen' target=\"_blank\">Descargar ficha t\u00e9cnica<\/a><br \/>\n<a href='https:\/\/nextlabcolombia.com\/index.php\/formulario-de-cotizacion\/' class='small-button smallblue' target=\"_blank\">Realizar Cotizaci\u00f3n<\/a><\/p>\n<ul>\n<li>Equipo funcional para ser empleado con balanzas anal\u00edticas y de precisi\u00f3n<\/li>\n<li>Resistente a vibraciones y golpes que afecten mediciones<\/li>\n<li>Reduce la incertidumbre al eliminar elementos de imprecisi\u00f3n si se usa la balanza<\/li>\n<li>Es fabricada en granito Pulido<\/li>\n<li>Apta para realizar procesos de calibraci\u00f3n<\/li>\n<li>Altamente precisa, estable y \u00f3ptima para su transporte<\/li>\n<li>Dise\u00f1ada en materiales resistentes y duraderos para la amortiguaci\u00f3n de vibraciones<\/li>\n<li>Comprende una superficie lisa y uniforme<\/li>\n<\/ul>\n","protected":false},"featured_media":492,"comment_status":"open","ping_status":"closed","template":"","meta":{"_et_pb_use_builder":"","_et_pb_old_content":"","_et_gb_content_width":"","_monsterinsights_skip_tracking":false,"_monsterinsights_sitenote_active":false,"_monsterinsights_sitenote_note":"","_monsterinsights_sitenote_category":0,"_joinchat":[]},"product_cat":[137,135],"product_tag":[],"class_list":{"0":"post-912","1":"product","2":"type-product","3":"status-publish","4":"has-post-thumbnail","6":"product_cat-mesas-antivibratorias","7":"product_cat-equipos-de-analisis-y-procesamiento","9":"first","10":"instock","11":"taxable","12":"shipping-taxable","13":"product-type-simple"},"yoast_head":"<!-- This site is optimized with the Yoast SEO plugin v23.6 - https:\/\/yoast.com\/wordpress\/plugins\/seo\/ -->\n<title>Mesas Antivibratorias - Next Lab Colombia<\/title>\n<meta name=\"robots\" content=\"index, follow, max-snippet:-1, max-image-preview:large, max-video-preview:-1\" \/>\n<link rel=\"canonical\" href=\"https:\/\/nextlabcolombia.com\/index.php\/producto\/mesas-antivibratorias\/\" \/>\n<meta property=\"og:locale\" content=\"es_ES\" \/>\n<meta property=\"og:type\" content=\"article\" \/>\n<meta property=\"og:title\" content=\"Mesas Antivibratorias - Next Lab Colombia\" \/>\n<meta property=\"og:description\" content=\"Equipo funcional para ser empleado con balanzas anal\u00edticas y de precisi\u00f3n  Resistente a vibraciones y golpes que afecten mediciones  Reduce la incertidumbre al eliminar elementos de imprecisi\u00f3n si se usa la balanza  Es fabricada en granito Pulido  Apta para realizar procesos de calibraci\u00f3n  Altamente precisa, estable y \u00f3ptima para su transporte  Dise\u00f1ada en materiales resistentes y duraderos para la amortiguaci\u00f3n de vibraciones  Comprende una superficie lisa y uniforme\" \/>\n<meta property=\"og:url\" content=\"https:\/\/nextlabcolombia.com\/index.php\/producto\/mesas-antivibratorias\/\" \/>\n<meta property=\"og:site_name\" content=\"Next Lab Colombia\" \/>\n<meta property=\"article:modified_time\" content=\"2023-08-31T16:46:33+00:00\" \/>\n<meta property=\"og:image\" content=\"https:\/\/nextlabcolombia.com\/wp-content\/uploads\/2023\/04\/mesas-antivibratorias-2-2.jpeg\" \/>\n\t<meta property=\"og:image:width\" content=\"720\" \/>\n\t<meta property=\"og:image:height\" content=\"919\" \/>\n\t<meta property=\"og:image:type\" content=\"image\/jpeg\" \/>\n<meta name=\"twitter:card\" content=\"summary_large_image\" \/>\n<meta name=\"twitter:label1\" content=\"Tiempo de lectura\" \/>\n\t<meta name=\"twitter:data1\" content=\"1 minuto\" \/>\n<script type=\"application\/ld+json\" class=\"yoast-schema-graph\">{\"@context\":\"https:\/\/schema.org\",\"@graph\":[{\"@type\":\"WebPage\",\"@id\":\"https:\/\/nextlabcolombia.com\/index.php\/producto\/mesas-antivibratorias\/\",\"url\":\"https:\/\/nextlabcolombia.com\/index.php\/producto\/mesas-antivibratorias\/\",\"name\":\"Mesas Antivibratorias - Next Lab Colombia\",\"isPartOf\":{\"@id\":\"https:\/\/nextlabcolombia.com\/#website\"},\"primaryImageOfPage\":{\"@id\":\"https:\/\/nextlabcolombia.com\/index.php\/producto\/mesas-antivibratorias\/#primaryimage\"},\"image\":{\"@id\":\"https:\/\/nextlabcolombia.com\/index.php\/producto\/mesas-antivibratorias\/#primaryimage\"},\"thumbnailUrl\":\"https:\/\/nextlabcolombia.com\/wp-content\/uploads\/2023\/04\/mesas-antivibratorias-2-2.jpeg\",\"datePublished\":\"2023-08-15T04:53:27+00:00\",\"dateModified\":\"2023-08-31T16:46:33+00:00\",\"breadcrumb\":{\"@id\":\"https:\/\/nextlabcolombia.com\/index.php\/producto\/mesas-antivibratorias\/#breadcrumb\"},\"inLanguage\":\"es\",\"potentialAction\":[{\"@type\":\"ReadAction\",\"target\":[\"https:\/\/nextlabcolombia.com\/index.php\/producto\/mesas-antivibratorias\/\"]}]},{\"@type\":\"ImageObject\",\"inLanguage\":\"es\",\"@id\":\"https:\/\/nextlabcolombia.com\/index.php\/producto\/mesas-antivibratorias\/#primaryimage\",\"url\":\"https:\/\/nextlabcolombia.com\/wp-content\/uploads\/2023\/04\/mesas-antivibratorias-2-2.jpeg\",\"contentUrl\":\"https:\/\/nextlabcolombia.com\/wp-content\/uploads\/2023\/04\/mesas-antivibratorias-2-2.jpeg\",\"width\":720,\"height\":919},{\"@type\":\"BreadcrumbList\",\"@id\":\"https:\/\/nextlabcolombia.com\/index.php\/producto\/mesas-antivibratorias\/#breadcrumb\",\"itemListElement\":[{\"@type\":\"ListItem\",\"position\":1,\"name\":\"Portada\",\"item\":\"https:\/\/nextlabcolombia.com\/\"},{\"@type\":\"ListItem\",\"position\":2,\"name\":\"Tienda\",\"item\":\"https:\/\/nextlabcolombia.com\/index.php\/tienda\/\"},{\"@type\":\"ListItem\",\"position\":3,\"name\":\"Mesas Antivibratorias\"}]},{\"@type\":\"WebSite\",\"@id\":\"https:\/\/nextlabcolombia.com\/#website\",\"url\":\"https:\/\/nextlabcolombia.com\/\",\"name\":\"Next Lab Colombia\",\"description\":\"\",\"publisher\":{\"@id\":\"https:\/\/nextlabcolombia.com\/#organization\"},\"potentialAction\":[{\"@type\":\"SearchAction\",\"target\":{\"@type\":\"EntryPoint\",\"urlTemplate\":\"https:\/\/nextlabcolombia.com\/?s={search_term_string}\"},\"query-input\":{\"@type\":\"PropertyValueSpecification\",\"valueRequired\":true,\"valueName\":\"search_term_string\"}}],\"inLanguage\":\"es\"},{\"@type\":\"Organization\",\"@id\":\"https:\/\/nextlabcolombia.com\/#organization\",\"name\":\"Next Lab Colombia\",\"url\":\"https:\/\/nextlabcolombia.com\/\",\"logo\":{\"@type\":\"ImageObject\",\"inLanguage\":\"es\",\"@id\":\"https:\/\/nextlabcolombia.com\/#\/schema\/logo\/image\/\",\"url\":\"https:\/\/nextlabcolombia.com\/wp-content\/uploads\/2023\/03\/LOGO-NEXT-LAB.png\",\"contentUrl\":\"https:\/\/nextlabcolombia.com\/wp-content\/uploads\/2023\/03\/LOGO-NEXT-LAB.png\",\"width\":967,\"height\":1038,\"caption\":\"Next Lab Colombia\"},\"image\":{\"@id\":\"https:\/\/nextlabcolombia.com\/#\/schema\/logo\/image\/\"}}]}<\/script>\n<!-- \/ Yoast SEO plugin. -->","yoast_head_json":{"title":"Mesas Antivibratorias - Next Lab Colombia","robots":{"index":"index","follow":"follow","max-snippet":"max-snippet:-1","max-image-preview":"max-image-preview:large","max-video-preview":"max-video-preview:-1"},"canonical":"https:\/\/nextlabcolombia.com\/index.php\/producto\/mesas-antivibratorias\/","og_locale":"es_ES","og_type":"article","og_title":"Mesas Antivibratorias - Next Lab Colombia","og_description":"Equipo funcional para ser empleado con balanzas anal\u00edticas y de precisi\u00f3n  Resistente a vibraciones y golpes que afecten mediciones  Reduce la incertidumbre al eliminar elementos de imprecisi\u00f3n si se usa la balanza  Es fabricada en granito Pulido  Apta para realizar procesos de calibraci\u00f3n  Altamente precisa, estable y \u00f3ptima para su transporte  Dise\u00f1ada en materiales resistentes y duraderos para la amortiguaci\u00f3n de vibraciones  Comprende una superficie lisa y uniforme","og_url":"https:\/\/nextlabcolombia.com\/index.php\/producto\/mesas-antivibratorias\/","og_site_name":"Next Lab Colombia","article_modified_time":"2023-08-31T16:46:33+00:00","og_image":[{"width":720,"height":919,"url":"https:\/\/nextlabcolombia.com\/wp-content\/uploads\/2023\/04\/mesas-antivibratorias-2-2.jpeg","type":"image\/jpeg"}],"twitter_card":"summary_large_image","twitter_misc":{"Tiempo de lectura":"1 minuto"},"schema":{"@context":"https:\/\/schema.org","@graph":[{"@type":"WebPage","@id":"https:\/\/nextlabcolombia.com\/index.php\/producto\/mesas-antivibratorias\/","url":"https:\/\/nextlabcolombia.com\/index.php\/producto\/mesas-antivibratorias\/","name":"Mesas Antivibratorias - Next Lab Colombia","isPartOf":{"@id":"https:\/\/nextlabcolombia.com\/#website"},"primaryImageOfPage":{"@id":"https:\/\/nextlabcolombia.com\/index.php\/producto\/mesas-antivibratorias\/#primaryimage"},"image":{"@id":"https:\/\/nextlabcolombia.com\/index.php\/producto\/mesas-antivibratorias\/#primaryimage"},"thumbnailUrl":"https:\/\/nextlabcolombia.com\/wp-content\/uploads\/2023\/04\/mesas-antivibratorias-2-2.jpeg","datePublished":"2023-08-15T04:53:27+00:00","dateModified":"2023-08-31T16:46:33+00:00","breadcrumb":{"@id":"https:\/\/nextlabcolombia.com\/index.php\/producto\/mesas-antivibratorias\/#breadcrumb"},"inLanguage":"es","potentialAction":[{"@type":"ReadAction","target":["https:\/\/nextlabcolombia.com\/index.php\/producto\/mesas-antivibratorias\/"]}]},{"@type":"ImageObject","inLanguage":"es","@id":"https:\/\/nextlabcolombia.com\/index.php\/producto\/mesas-antivibratorias\/#primaryimage","url":"https:\/\/nextlabcolombia.com\/wp-content\/uploads\/2023\/04\/mesas-antivibratorias-2-2.jpeg","contentUrl":"https:\/\/nextlabcolombia.com\/wp-content\/uploads\/2023\/04\/mesas-antivibratorias-2-2.jpeg","width":720,"height":919},{"@type":"BreadcrumbList","@id":"https:\/\/nextlabcolombia.com\/index.php\/producto\/mesas-antivibratorias\/#breadcrumb","itemListElement":[{"@type":"ListItem","position":1,"name":"Portada","item":"https:\/\/nextlabcolombia.com\/"},{"@type":"ListItem","position":2,"name":"Tienda","item":"https:\/\/nextlabcolombia.com\/index.php\/tienda\/"},{"@type":"ListItem","position":3,"name":"Mesas Antivibratorias"}]},{"@type":"WebSite","@id":"https:\/\/nextlabcolombia.com\/#website","url":"https:\/\/nextlabcolombia.com\/","name":"Next Lab Colombia","description":"","publisher":{"@id":"https:\/\/nextlabcolombia.com\/#organization"},"potentialAction":[{"@type":"SearchAction","target":{"@type":"EntryPoint","urlTemplate":"https:\/\/nextlabcolombia.com\/?s={search_term_string}"},"query-input":{"@type":"PropertyValueSpecification","valueRequired":true,"valueName":"search_term_string"}}],"inLanguage":"es"},{"@type":"Organization","@id":"https:\/\/nextlabcolombia.com\/#organization","name":"Next Lab Colombia","url":"https:\/\/nextlabcolombia.com\/","logo":{"@type":"ImageObject","inLanguage":"es","@id":"https:\/\/nextlabcolombia.com\/#\/schema\/logo\/image\/","url":"https:\/\/nextlabcolombia.com\/wp-content\/uploads\/2023\/03\/LOGO-NEXT-LAB.png","contentUrl":"https:\/\/nextlabcolombia.com\/wp-content\/uploads\/2023\/03\/LOGO-NEXT-LAB.png","width":967,"height":1038,"caption":"Next Lab Colombia"},"image":{"@id":"https:\/\/nextlabcolombia.com\/#\/schema\/logo\/image\/"}}]}},"_links":{"self":[{"href":"https:\/\/nextlabcolombia.com\/index.php\/wp-json\/wp\/v2\/product\/912","targetHints":{"allow":["GET"]}}],"collection":[{"href":"https:\/\/nextlabcolombia.com\/index.php\/wp-json\/wp\/v2\/product"}],"about":[{"href":"https:\/\/nextlabcolombia.com\/index.php\/wp-json\/wp\/v2\/types\/product"}],"replies":[{"embeddable":true,"href":"https:\/\/nextlabcolombia.com\/index.php\/wp-json\/wp\/v2\/comments?post=912"}],"wp:featuredmedia":[{"embeddable":true,"href":"https:\/\/nextlabcolombia.com\/index.php\/wp-json\/wp\/v2\/media\/492"}],"wp:attachment":[{"href":"https:\/\/nextlabcolombia.com\/index.php\/wp-json\/wp\/v2\/media?parent=912"}],"wp:term":[{"taxonomy":"product_cat","embeddable":true,"href":"https:\/\/nextlabcolombia.com\/index.php\/wp-json\/wp\/v2\/product_cat?post=912"},{"taxonomy":"product_tag","embeddable":true,"href":"https:\/\/nextlabcolombia.com\/index.php\/wp-json\/wp\/v2\/product_tag?post=912"}],"curies":[{"name":"wp","href":"https:\/\/api.w.org\/{rel}","templated":true}]}}