{"id":895,"date":"2023-08-15T04:22:59","date_gmt":"2023-08-15T04:22:59","guid":{"rendered":"https:\/\/nextlabcolombia.com\/?post_type=product&#038;p=895"},"modified":"2023-10-07T00:20:28","modified_gmt":"2023-10-07T00:20:28","slug":"cabinas-de-flujo-laminar","status":"publish","type":"product","link":"https:\/\/nextlabcolombia.com\/index.php\/producto\/cabinas-de-flujo-laminar\/","title":{"rendered":"Cabinas de Flujo Laminar"},"content":{"rendered":"<p><a href='https:\/\/nextlabcolombia.com\/wp-content\/uploads\/2023\/08\/Ficha-Tecnica-CABINA-DE-FLUJO-LAMINAR.pdf' class='small-button smallgreen' target=\"_blank\">Descargar ficha t\u00e9cnica<\/a><br \/>\n<a href='https:\/\/nextlabcolombia.com\/index.php\/formulario-de-cotizacion\/' class='small-button smallblue' target=\"_blank\">Realizar Cotizaci\u00f3n<\/a><\/p>\n<div style=\"width: 200px; height: 356px; overflow: hidden;\">\n<div style=\"width: 640px;\" class=\"wp-video\"><video class=\"wp-video-shortcode\" id=\"video-895-1\" width=\"640\" height=\"360\" preload=\"metadata\" controls=\"controls\"><source type=\"video\/mp4\" src=\"https:\/\/nextlabcolombia.com\/wp-content\/uploads\/2023\/08\/Video-cabina-de-flujo-laminar-2.mp4?_=1\" \/><a href=\"https:\/\/nextlabcolombia.com\/wp-content\/uploads\/2023\/08\/Video-cabina-de-flujo-laminar-2.mp4\">https:\/\/nextlabcolombia.com\/wp-content\/uploads\/2023\/08\/Video-cabina-de-flujo-laminar-2.mp4<\/a><\/video><\/div>\n<\/div>\n<ul>\n<li style=\"list-style-type: none;\">\n<ul>\n<li>Comprende un entorno est\u00e9ril en la zona de trabajo para un nivel m\u00e1ximo de protecci\u00f3n del producto<\/li>\n<\/ul>\n<\/li>\n<\/ul>\n<ul>\n<li>Acompa\u00f1ado de un filtro principal HEPA con eficiencia de 99 %<\/li>\n<li>Dise\u00f1adas de material de acero inoxidable<\/li>\n<li>Comprende vidrios de seguridad con protecci\u00f3n UV<\/li>\n<li>Proporciona un ambiente libre de contaminaci\u00f3n<\/li>\n<li>Comprende un f\u00e1cil acceso al \u00e1rea de trabajo<\/li>\n<li>Comprende su propio suministro de aire para proteger el producto<\/li>\n<\/ul>\n<table>\n<tbody>\n<tr>\n<td width=\"294\">Modelo<\/td>\n<td width=\"294\">Especificaci\u00f3n (FRENTE*FONDO*ALTURA)<\/td>\n<\/tr>\n<tr>\n<td width=\"294\">FJ-800<\/td>\n<td width=\"294\">80 cm x 60 cm x 120 cm<\/td>\n<\/tr>\n<tr>\n<td width=\"294\">FV-1000<\/td>\n<td width=\"294\">100 cm x 60 cm x 120 cm<\/td>\n<\/tr>\n<tr>\n<td width=\"294\">FK-1200<\/td>\n<td width=\"294\">120 cm x 60 cm x 120 cm<\/td>\n<\/tr>\n<\/tbody>\n<\/table>\n","protected":false},"excerpt":{"rendered":"<p><a href='https:\/\/nextlabcolombia.com\/wp-content\/uploads\/2023\/08\/Ficha-Tecnica-CABINA-DE-FLUJO-LAMINAR.pdf' class='small-button smallgreen' target=\"_blank\">Descargar ficha t\u00e9cnica<\/a><br \/>\n<a href='https:\/\/nextlabcolombia.com\/index.php\/formulario-de-cotizacion\/' class='small-button smallblue' target=\"_blank\">Realizar Cotizaci\u00f3n<\/a><\/p>\n<ul>\n<li>Comprende un entorno est\u00e9ril en la zona de trabajo para un nivel m\u00e1ximo de protecci\u00f3n del producto<\/li>\n<li>Acompa\u00f1ado de un filtro principal HEPA con eficiencia de 99 %<\/li>\n<li>Dise\u00f1adas de material de acero inoxidable<\/li>\n<li>Comprende vidrios de seguridad con protecci\u00f3n UV<\/li>\n<li>Proporciona un ambiente libre de contaminaci\u00f3n<\/li>\n<li>Comprende un f\u00e1cil acceso al \u00e1rea de trabajo<\/li>\n<li>Comprende su propio suministro de aire para proteger el producto<\/li>\n<\/ul>\n","protected":false},"featured_media":346,"comment_status":"open","ping_status":"closed","template":"","meta":{"_et_pb_use_builder":"","_et_pb_old_content":"","_et_gb_content_width":"","_monsterinsights_skip_tracking":false,"_monsterinsights_sitenote_active":false,"_monsterinsights_sitenote_note":"","_monsterinsights_sitenote_category":0,"_joinchat":[]},"product_cat":[127,128],"product_tag":[],"class_list":{"0":"post-895","1":"product","2":"type-product","3":"status-publish","4":"has-post-thumbnail","6":"product_cat-equipos-de-preparacion-y-manipulacion-de-muestras","7":"product_cat-cabinas-de-flujo-laminar","9":"first","10":"instock","11":"taxable","12":"shipping-taxable","13":"product-type-simple"},"yoast_head":"<!-- This site is optimized with the Yoast SEO plugin v23.6 - https:\/\/yoast.com\/wordpress\/plugins\/seo\/ -->\n<title>Cabinas de Flujo Laminar - Next Lab Colombia<\/title>\n<meta name=\"robots\" content=\"index, follow, max-snippet:-1, max-image-preview:large, max-video-preview:-1\" \/>\n<link rel=\"canonical\" href=\"https:\/\/nextlabcolombia.com\/index.php\/producto\/cabinas-de-flujo-laminar\/\" \/>\n<meta property=\"og:locale\" content=\"es_ES\" \/>\n<meta property=\"og:type\" content=\"article\" \/>\n<meta property=\"og:title\" content=\"Cabinas de Flujo Laminar - Next Lab Colombia\" \/>\n<meta property=\"og:description\" content=\"Comprende un entorno est\u00e9ril en la zona de trabajo para un nivel m\u00e1ximo de protecci\u00f3n del producto  Acompa\u00f1ado de un filtro principal HEPA con eficiencia de 99 %  Dise\u00f1adas de material de acero inoxidable  Comprende vidrios de seguridad con protecci\u00f3n UV  Proporciona un ambiente libre de contaminaci\u00f3n  Comprende un f\u00e1cil acceso al \u00e1rea de trabajo  Comprende su propio suministro de aire para proteger el producto\" \/>\n<meta property=\"og:url\" content=\"https:\/\/nextlabcolombia.com\/index.php\/producto\/cabinas-de-flujo-laminar\/\" \/>\n<meta property=\"og:site_name\" content=\"Next Lab Colombia\" \/>\n<meta property=\"article:modified_time\" content=\"2023-10-07T00:20:28+00:00\" \/>\n<meta property=\"og:image\" content=\"https:\/\/nextlabcolombia.com\/wp-content\/uploads\/2023\/04\/Cabina-flujo-laminar-3.jpg\" \/>\n\t<meta property=\"og:image:width\" content=\"1441\" \/>\n\t<meta property=\"og:image:height\" content=\"1420\" \/>\n\t<meta property=\"og:image:type\" content=\"image\/jpeg\" \/>\n<meta name=\"twitter:card\" content=\"summary_large_image\" \/>\n<meta name=\"twitter:label1\" content=\"Tiempo de lectura\" \/>\n\t<meta name=\"twitter:data1\" content=\"1 minuto\" \/>\n<script type=\"application\/ld+json\" class=\"yoast-schema-graph\">{\"@context\":\"https:\/\/schema.org\",\"@graph\":[{\"@type\":\"WebPage\",\"@id\":\"https:\/\/nextlabcolombia.com\/index.php\/producto\/cabinas-de-flujo-laminar\/\",\"url\":\"https:\/\/nextlabcolombia.com\/index.php\/producto\/cabinas-de-flujo-laminar\/\",\"name\":\"Cabinas de Flujo Laminar - Next Lab Colombia\",\"isPartOf\":{\"@id\":\"https:\/\/nextlabcolombia.com\/#website\"},\"primaryImageOfPage\":{\"@id\":\"https:\/\/nextlabcolombia.com\/index.php\/producto\/cabinas-de-flujo-laminar\/#primaryimage\"},\"image\":{\"@id\":\"https:\/\/nextlabcolombia.com\/index.php\/producto\/cabinas-de-flujo-laminar\/#primaryimage\"},\"thumbnailUrl\":\"https:\/\/nextlabcolombia.com\/wp-content\/uploads\/2023\/04\/Cabina-flujo-laminar-3.jpg\",\"datePublished\":\"2023-08-15T04:22:59+00:00\",\"dateModified\":\"2023-10-07T00:20:28+00:00\",\"breadcrumb\":{\"@id\":\"https:\/\/nextlabcolombia.com\/index.php\/producto\/cabinas-de-flujo-laminar\/#breadcrumb\"},\"inLanguage\":\"es\",\"potentialAction\":[{\"@type\":\"ReadAction\",\"target\":[\"https:\/\/nextlabcolombia.com\/index.php\/producto\/cabinas-de-flujo-laminar\/\"]}]},{\"@type\":\"ImageObject\",\"inLanguage\":\"es\",\"@id\":\"https:\/\/nextlabcolombia.com\/index.php\/producto\/cabinas-de-flujo-laminar\/#primaryimage\",\"url\":\"https:\/\/nextlabcolombia.com\/wp-content\/uploads\/2023\/04\/Cabina-flujo-laminar-3.jpg\",\"contentUrl\":\"https:\/\/nextlabcolombia.com\/wp-content\/uploads\/2023\/04\/Cabina-flujo-laminar-3.jpg\",\"width\":1441,\"height\":1420},{\"@type\":\"BreadcrumbList\",\"@id\":\"https:\/\/nextlabcolombia.com\/index.php\/producto\/cabinas-de-flujo-laminar\/#breadcrumb\",\"itemListElement\":[{\"@type\":\"ListItem\",\"position\":1,\"name\":\"Portada\",\"item\":\"https:\/\/nextlabcolombia.com\/\"},{\"@type\":\"ListItem\",\"position\":2,\"name\":\"Tienda\",\"item\":\"https:\/\/nextlabcolombia.com\/index.php\/tienda\/\"},{\"@type\":\"ListItem\",\"position\":3,\"name\":\"Cabinas de Flujo Laminar\"}]},{\"@type\":\"WebSite\",\"@id\":\"https:\/\/nextlabcolombia.com\/#website\",\"url\":\"https:\/\/nextlabcolombia.com\/\",\"name\":\"Next Lab Colombia\",\"description\":\"\",\"publisher\":{\"@id\":\"https:\/\/nextlabcolombia.com\/#organization\"},\"potentialAction\":[{\"@type\":\"SearchAction\",\"target\":{\"@type\":\"EntryPoint\",\"urlTemplate\":\"https:\/\/nextlabcolombia.com\/?s={search_term_string}\"},\"query-input\":{\"@type\":\"PropertyValueSpecification\",\"valueRequired\":true,\"valueName\":\"search_term_string\"}}],\"inLanguage\":\"es\"},{\"@type\":\"Organization\",\"@id\":\"https:\/\/nextlabcolombia.com\/#organization\",\"name\":\"Next Lab Colombia\",\"url\":\"https:\/\/nextlabcolombia.com\/\",\"logo\":{\"@type\":\"ImageObject\",\"inLanguage\":\"es\",\"@id\":\"https:\/\/nextlabcolombia.com\/#\/schema\/logo\/image\/\",\"url\":\"https:\/\/nextlabcolombia.com\/wp-content\/uploads\/2023\/03\/LOGO-NEXT-LAB.png\",\"contentUrl\":\"https:\/\/nextlabcolombia.com\/wp-content\/uploads\/2023\/03\/LOGO-NEXT-LAB.png\",\"width\":967,\"height\":1038,\"caption\":\"Next Lab Colombia\"},\"image\":{\"@id\":\"https:\/\/nextlabcolombia.com\/#\/schema\/logo\/image\/\"}}]}<\/script>\n<!-- \/ Yoast SEO plugin. -->","yoast_head_json":{"title":"Cabinas de Flujo Laminar - Next Lab Colombia","robots":{"index":"index","follow":"follow","max-snippet":"max-snippet:-1","max-image-preview":"max-image-preview:large","max-video-preview":"max-video-preview:-1"},"canonical":"https:\/\/nextlabcolombia.com\/index.php\/producto\/cabinas-de-flujo-laminar\/","og_locale":"es_ES","og_type":"article","og_title":"Cabinas de Flujo Laminar - Next Lab Colombia","og_description":"Comprende un entorno est\u00e9ril en la zona de trabajo para un nivel m\u00e1ximo de protecci\u00f3n del producto  Acompa\u00f1ado de un filtro principal HEPA con eficiencia de 99 %  Dise\u00f1adas de material de acero inoxidable  Comprende vidrios de seguridad con protecci\u00f3n UV  Proporciona un ambiente libre de contaminaci\u00f3n  Comprende un f\u00e1cil acceso al \u00e1rea de trabajo  Comprende su propio suministro de aire para proteger el producto","og_url":"https:\/\/nextlabcolombia.com\/index.php\/producto\/cabinas-de-flujo-laminar\/","og_site_name":"Next Lab Colombia","article_modified_time":"2023-10-07T00:20:28+00:00","og_image":[{"width":1441,"height":1420,"url":"https:\/\/nextlabcolombia.com\/wp-content\/uploads\/2023\/04\/Cabina-flujo-laminar-3.jpg","type":"image\/jpeg"}],"twitter_card":"summary_large_image","twitter_misc":{"Tiempo de lectura":"1 minuto"},"schema":{"@context":"https:\/\/schema.org","@graph":[{"@type":"WebPage","@id":"https:\/\/nextlabcolombia.com\/index.php\/producto\/cabinas-de-flujo-laminar\/","url":"https:\/\/nextlabcolombia.com\/index.php\/producto\/cabinas-de-flujo-laminar\/","name":"Cabinas de Flujo Laminar - Next Lab Colombia","isPartOf":{"@id":"https:\/\/nextlabcolombia.com\/#website"},"primaryImageOfPage":{"@id":"https:\/\/nextlabcolombia.com\/index.php\/producto\/cabinas-de-flujo-laminar\/#primaryimage"},"image":{"@id":"https:\/\/nextlabcolombia.com\/index.php\/producto\/cabinas-de-flujo-laminar\/#primaryimage"},"thumbnailUrl":"https:\/\/nextlabcolombia.com\/wp-content\/uploads\/2023\/04\/Cabina-flujo-laminar-3.jpg","datePublished":"2023-08-15T04:22:59+00:00","dateModified":"2023-10-07T00:20:28+00:00","breadcrumb":{"@id":"https:\/\/nextlabcolombia.com\/index.php\/producto\/cabinas-de-flujo-laminar\/#breadcrumb"},"inLanguage":"es","potentialAction":[{"@type":"ReadAction","target":["https:\/\/nextlabcolombia.com\/index.php\/producto\/cabinas-de-flujo-laminar\/"]}]},{"@type":"ImageObject","inLanguage":"es","@id":"https:\/\/nextlabcolombia.com\/index.php\/producto\/cabinas-de-flujo-laminar\/#primaryimage","url":"https:\/\/nextlabcolombia.com\/wp-content\/uploads\/2023\/04\/Cabina-flujo-laminar-3.jpg","contentUrl":"https:\/\/nextlabcolombia.com\/wp-content\/uploads\/2023\/04\/Cabina-flujo-laminar-3.jpg","width":1441,"height":1420},{"@type":"BreadcrumbList","@id":"https:\/\/nextlabcolombia.com\/index.php\/producto\/cabinas-de-flujo-laminar\/#breadcrumb","itemListElement":[{"@type":"ListItem","position":1,"name":"Portada","item":"https:\/\/nextlabcolombia.com\/"},{"@type":"ListItem","position":2,"name":"Tienda","item":"https:\/\/nextlabcolombia.com\/index.php\/tienda\/"},{"@type":"ListItem","position":3,"name":"Cabinas de Flujo Laminar"}]},{"@type":"WebSite","@id":"https:\/\/nextlabcolombia.com\/#website","url":"https:\/\/nextlabcolombia.com\/","name":"Next Lab Colombia","description":"","publisher":{"@id":"https:\/\/nextlabcolombia.com\/#organization"},"potentialAction":[{"@type":"SearchAction","target":{"@type":"EntryPoint","urlTemplate":"https:\/\/nextlabcolombia.com\/?s={search_term_string}"},"query-input":{"@type":"PropertyValueSpecification","valueRequired":true,"valueName":"search_term_string"}}],"inLanguage":"es"},{"@type":"Organization","@id":"https:\/\/nextlabcolombia.com\/#organization","name":"Next Lab Colombia","url":"https:\/\/nextlabcolombia.com\/","logo":{"@type":"ImageObject","inLanguage":"es","@id":"https:\/\/nextlabcolombia.com\/#\/schema\/logo\/image\/","url":"https:\/\/nextlabcolombia.com\/wp-content\/uploads\/2023\/03\/LOGO-NEXT-LAB.png","contentUrl":"https:\/\/nextlabcolombia.com\/wp-content\/uploads\/2023\/03\/LOGO-NEXT-LAB.png","width":967,"height":1038,"caption":"Next Lab Colombia"},"image":{"@id":"https:\/\/nextlabcolombia.com\/#\/schema\/logo\/image\/"}}]}},"_links":{"self":[{"href":"https:\/\/nextlabcolombia.com\/index.php\/wp-json\/wp\/v2\/product\/895","targetHints":{"allow":["GET"]}}],"collection":[{"href":"https:\/\/nextlabcolombia.com\/index.php\/wp-json\/wp\/v2\/product"}],"about":[{"href":"https:\/\/nextlabcolombia.com\/index.php\/wp-json\/wp\/v2\/types\/product"}],"replies":[{"embeddable":true,"href":"https:\/\/nextlabcolombia.com\/index.php\/wp-json\/wp\/v2\/comments?post=895"}],"wp:featuredmedia":[{"embeddable":true,"href":"https:\/\/nextlabcolombia.com\/index.php\/wp-json\/wp\/v2\/media\/346"}],"wp:attachment":[{"href":"https:\/\/nextlabcolombia.com\/index.php\/wp-json\/wp\/v2\/media?parent=895"}],"wp:term":[{"taxonomy":"product_cat","embeddable":true,"href":"https:\/\/nextlabcolombia.com\/index.php\/wp-json\/wp\/v2\/product_cat?post=895"},{"taxonomy":"product_tag","embeddable":true,"href":"https:\/\/nextlabcolombia.com\/index.php\/wp-json\/wp\/v2\/product_tag?post=895"}],"curies":[{"name":"wp","href":"https:\/\/api.w.org\/{rel}","templated":true}]}}