{"id":1060,"date":"2023-08-26T22:58:06","date_gmt":"2023-08-26T22:58:06","guid":{"rendered":"https:\/\/nextlabcolombia.com\/?page_id=1060"},"modified":"2023-08-26T23:29:10","modified_gmt":"2023-08-26T23:29:10","slug":"rastrea-tu-producto","status":"publish","type":"page","link":"https:\/\/nextlabcolombia.com\/index.php\/rastrea-tu-producto\/","title":{"rendered":"Rastrea tu producto"},"content":{"rendered":"\t\t<div data-elementor-type=\"wp-page\" data-elementor-id=\"1060\" class=\"elementor elementor-1060\" data-elementor-post-type=\"page\">\n\t\t\t\t\t\t<section class=\"elementor-section elementor-top-section elementor-element elementor-element-e081d5d elementor-section-boxed elementor-section-height-default elementor-section-height-default\" data-id=\"e081d5d\" data-element_type=\"section\" data-e-type=\"section\">\n\t\t\t\t\t\t<div class=\"elementor-container elementor-column-gap-default\">\n\t\t\t\t\t<div class=\"elementor-column elementor-col-50 elementor-top-column elementor-element elementor-element-adb763c\" data-id=\"adb763c\" data-element_type=\"column\" data-e-type=\"column\">\n\t\t\t<div class=\"elementor-widget-wrap elementor-element-populated\">\n\t\t\t\t\t\t<div class=\"elementor-element elementor-element-8fcfcd2 ekit-equal-height-disable elementor-widget elementor-widget-elementskit-image-box\" data-id=\"8fcfcd2\" data-element_type=\"widget\" data-e-type=\"widget\" data-widget_type=\"elementskit-image-box.default\">\n\t\t\t\t<div class=\"elementor-widget-container\">\n\t\t\t\t\t<div class=\"ekit-wid-con\" >\n            <div class=\"elementskit-info-image-box ekit-image-box text-center simple-card\" >\n\n                <a href=\"https:\/\/www.servientrega.com\/wps\/portal\/rastreo-envio\/!ut\/p\/z1\/jY9PC4JAEMU_SwevzvgvpNtGUEYaBZHNJTS21VhdWU2_flJdglqa2xt-7z0eEKRAddaXIutKVWdy1CeanoMw8lfoO9tlsvBxt5-7ceKwyIsQjk8AfxxDoH_8BoDM8UcgQ4XLYvcNGDLWQEKq_DWX1bkXCiDNr1xzbd_1-C66rmlnFlo4DIMtlBKS2xdVWfjNUqi2g_SThKY6pHgLZL9hkwdwm1Ut\/dz\/d5\/L2dBISEvZ0FBIS9nQSEh\/\" target=\"_blank\" rel=\"noopener\">\n                <div class=\"elementskit-box-header image-box-img-center\">\n\n                    <img fetchpriority=\"high\" fetchpriority=\"high\" decoding=\"async\" width=\"1000\" height=\"716\" src=\"https:\/\/nextlabcolombia.com\/wp-content\/uploads\/2023\/08\/imagen_2023-08-26_182422323.png\" class=\"attachment-full size-full wp-image-1067\" alt=\"\" srcset=\"https:\/\/nextlabcolombia.com\/wp-content\/uploads\/2023\/08\/imagen_2023-08-26_182422323.png 1000w, https:\/\/nextlabcolombia.com\/wp-content\/uploads\/2023\/08\/imagen_2023-08-26_182422323-980x702.png 980w, https:\/\/nextlabcolombia.com\/wp-content\/uploads\/2023\/08\/imagen_2023-08-26_182422323-480x344.png 480w\" sizes=\"(min-width: 0px) and (max-width: 480px) 480px, (min-width: 481px) and (max-width: 980px) 980px, (min-width: 981px) 1000px, 100vw\" \/>\n                <\/div>\n                <\/a>\n                <div class=\"elementskit-box-body ekit-image-box-body\">\n                    <div class=\"elementskit-box-content ekit-image-box-body-inner\">\n                                                <h3 class=\"elementskit-info-box-title\">\n\n                        Rastrea tu envi\u00f3 de Servientrega <br \/><br \/>\n                        \n                    <\/h3>\n                                                        <\/div>\n\n                                <div class=\"elementskit-box-footer\">\n                    <div class=\"box-footer\">\n                        <div class=\"btn-wraper\">\n                                                            <a href=\"https:\/\/www.servientrega.com\/wps\/portal\/rastreo-envio\/!ut\/p\/z1\/jY9PC4JAEMU_SwevzvgvpNtGUEYaBZHNJTS21VhdWU2_flJdglqa2xt-7z0eEKRAddaXIutKVWdy1CeanoMw8lfoO9tlsvBxt5-7ceKwyIsQjk8AfxxDoH_8BoDM8UcgQ4XLYvcNGDLWQEKq_DWX1bkXCiDNr1xzbd_1-C66rmlnFlo4DIMtlBKS2xdVWfjNUqi2g_SThKY6pHgLZL9hkwdwm1Ut\/dz\/d5\/L2dBISEvZ0FBIS9nQSEh\/\" class=\"elementskit-btn whitespace--normal\" target=\"_blank\" rel=\"noopener\">\n                                    \n                                    <i aria-hidden=\"true\" class=\"fas fa-link\"><\/i>\n                                    Rastrear                                <\/a>\n                                                        <\/div>\n                    <\/div>\n                <\/div>\n                            <\/div>\n            <\/div>\n    <\/div>\t\t\t\t<\/div>\n\t\t\t\t<\/div>\n\t\t\t\t\t<\/div>\n\t\t<\/div>\n\t\t\t\t<div class=\"elementor-column elementor-col-50 elementor-top-column elementor-element elementor-element-f7d5f31\" data-id=\"f7d5f31\" data-element_type=\"column\" data-e-type=\"column\">\n\t\t\t<div class=\"elementor-widget-wrap elementor-element-populated\">\n\t\t\t\t\t\t<div class=\"elementor-element elementor-element-2519216 ekit-equal-height-disable elementor-widget elementor-widget-elementskit-image-box\" data-id=\"2519216\" data-element_type=\"widget\" data-e-type=\"widget\" data-widget_type=\"elementskit-image-box.default\">\n\t\t\t\t<div class=\"elementor-widget-container\">\n\t\t\t\t\t<div class=\"ekit-wid-con\" >\n            <div class=\"elementskit-info-image-box ekit-image-box text-center simple-card\" >\n\n                <a href=\"https:\/\/interrapidisimo.com\/sigue-tu-envio\/\" target=\"_blank\" rel=\"noopener\">\n                <div class=\"elementskit-box-header image-box-img-center\">\n\n                    <img decoding=\"async\" width=\"400\" height=\"284\" src=\"https:\/\/nextlabcolombia.com\/wp-content\/uploads\/2023\/08\/imagen_2023-08-26_182402756-400x284.png\" class=\"attachment-et-pb-portfolio-image size-et-pb-portfolio-image wp-image-1066\" alt=\"\" \/>\n                <\/div>\n                <\/a>\n                <div class=\"elementskit-box-body ekit-image-box-body\">\n                    <div class=\"elementskit-box-content ekit-image-box-body-inner\">\n                                                <h3 class=\"elementskit-info-box-title\">\n\n                        Rastrea tu envi\u00f3 de Inter rapid\u00edsimo\n                        \n                    <\/h3>\n                                                        <\/div>\n\n                                <div class=\"elementskit-box-footer\">\n                    <div class=\"box-footer\">\n                        <div class=\"btn-wraper\">\n                                                            <a href=\"https:\/\/interrapidisimo.com\/sigue-tu-envio\/\" class=\"elementskit-btn whitespace--normal\" target=\"_blank\" rel=\"noopener\">\n                                    \n                                    <i aria-hidden=\"true\" class=\"fas fa-link\"><\/i>\n                                    Rastrear                                <\/a>\n                                                        <\/div>\n                    <\/div>\n                <\/div>\n                            <\/div>\n            <\/div>\n    <\/div>\t\t\t\t<\/div>\n\t\t\t\t<\/div>\n\t\t\t\t\t<\/div>\n\t\t<\/div>\n\t\t\t\t\t<\/div>\n\t\t<\/section>\n\t\t\t\t<\/div>\n\t\t","protected":false},"excerpt":{"rendered":"<p>Rastrea tu envi\u00f3 de Servientrega Rastrear Rastrea tu envi\u00f3 de Inter rapid\u00edsimo Rastrear<\/p>\n","protected":false},"author":1,"featured_media":0,"parent":0,"menu_order":0,"comment_status":"closed","ping_status":"closed","template":"","meta":{"_et_pb_use_builder":"","_et_pb_old_content":"","_et_gb_content_width":"","_monsterinsights_skip_tracking":false,"_monsterinsights_sitenote_active":false,"_monsterinsights_sitenote_note":"","_monsterinsights_sitenote_category":0,"_joinchat":[],"footnotes":""},"class_list":["post-1060","page","type-page","status-publish","hentry"],"yoast_head":"<!-- This site is optimized with the Yoast SEO plugin v23.6 - https:\/\/yoast.com\/wordpress\/plugins\/seo\/ -->\n<title>Rastrea tu producto - Next Lab Colombia<\/title>\n<meta name=\"robots\" content=\"index, follow, max-snippet:-1, max-image-preview:large, max-video-preview:-1\" \/>\n<link rel=\"canonical\" href=\"https:\/\/nextlabcolombia.com\/index.php\/rastrea-tu-producto\/\" \/>\n<meta property=\"og:locale\" content=\"es_ES\" \/>\n<meta property=\"og:type\" content=\"article\" \/>\n<meta property=\"og:title\" content=\"Rastrea tu producto - Next Lab Colombia\" \/>\n<meta property=\"og:description\" content=\"Rastrea tu envi\u00f3 de Servientrega Rastrear Rastrea tu envi\u00f3 de Inter rapid\u00edsimo Rastrear\" \/>\n<meta property=\"og:url\" content=\"https:\/\/nextlabcolombia.com\/index.php\/rastrea-tu-producto\/\" \/>\n<meta property=\"og:site_name\" content=\"Next Lab Colombia\" \/>\n<meta property=\"article:modified_time\" content=\"2023-08-26T23:29:10+00:00\" \/>\n<meta property=\"og:image\" content=\"https:\/\/nextlabcolombia.com\/wp-content\/uploads\/2023\/08\/imagen_2023-08-26_182422323.png\" \/>\n<meta name=\"twitter:card\" content=\"summary_large_image\" \/>\n<meta name=\"twitter:label1\" content=\"Tiempo de lectura\" \/>\n\t<meta name=\"twitter:data1\" content=\"1 minuto\" \/>\n<script type=\"application\/ld+json\" class=\"yoast-schema-graph\">{\"@context\":\"https:\/\/schema.org\",\"@graph\":[{\"@type\":\"WebPage\",\"@id\":\"https:\/\/nextlabcolombia.com\/index.php\/rastrea-tu-producto\/\",\"url\":\"https:\/\/nextlabcolombia.com\/index.php\/rastrea-tu-producto\/\",\"name\":\"Rastrea tu producto - Next Lab Colombia\",\"isPartOf\":{\"@id\":\"https:\/\/nextlabcolombia.com\/#website\"},\"primaryImageOfPage\":{\"@id\":\"https:\/\/nextlabcolombia.com\/index.php\/rastrea-tu-producto\/#primaryimage\"},\"image\":{\"@id\":\"https:\/\/nextlabcolombia.com\/index.php\/rastrea-tu-producto\/#primaryimage\"},\"thumbnailUrl\":\"https:\/\/nextlabcolombia.com\/wp-content\/uploads\/2023\/08\/imagen_2023-08-26_182422323.png\",\"datePublished\":\"2023-08-26T22:58:06+00:00\",\"dateModified\":\"2023-08-26T23:29:10+00:00\",\"breadcrumb\":{\"@id\":\"https:\/\/nextlabcolombia.com\/index.php\/rastrea-tu-producto\/#breadcrumb\"},\"inLanguage\":\"es\",\"potentialAction\":[{\"@type\":\"ReadAction\",\"target\":[\"https:\/\/nextlabcolombia.com\/index.php\/rastrea-tu-producto\/\"]}]},{\"@type\":\"ImageObject\",\"inLanguage\":\"es\",\"@id\":\"https:\/\/nextlabcolombia.com\/index.php\/rastrea-tu-producto\/#primaryimage\",\"url\":\"https:\/\/nextlabcolombia.com\/wp-content\/uploads\/2023\/08\/imagen_2023-08-26_182422323.png\",\"contentUrl\":\"https:\/\/nextlabcolombia.com\/wp-content\/uploads\/2023\/08\/imagen_2023-08-26_182422323.png\",\"width\":1000,\"height\":716},{\"@type\":\"BreadcrumbList\",\"@id\":\"https:\/\/nextlabcolombia.com\/index.php\/rastrea-tu-producto\/#breadcrumb\",\"itemListElement\":[{\"@type\":\"ListItem\",\"position\":1,\"name\":\"Portada\",\"item\":\"https:\/\/nextlabcolombia.com\/\"},{\"@type\":\"ListItem\",\"position\":2,\"name\":\"Rastrea tu producto\"}]},{\"@type\":\"WebSite\",\"@id\":\"https:\/\/nextlabcolombia.com\/#website\",\"url\":\"https:\/\/nextlabcolombia.com\/\",\"name\":\"Next Lab Colombia\",\"description\":\"\",\"publisher\":{\"@id\":\"https:\/\/nextlabcolombia.com\/#organization\"},\"potentialAction\":[{\"@type\":\"SearchAction\",\"target\":{\"@type\":\"EntryPoint\",\"urlTemplate\":\"https:\/\/nextlabcolombia.com\/?s={search_term_string}\"},\"query-input\":{\"@type\":\"PropertyValueSpecification\",\"valueRequired\":true,\"valueName\":\"search_term_string\"}}],\"inLanguage\":\"es\"},{\"@type\":\"Organization\",\"@id\":\"https:\/\/nextlabcolombia.com\/#organization\",\"name\":\"Next Lab Colombia\",\"url\":\"https:\/\/nextlabcolombia.com\/\",\"logo\":{\"@type\":\"ImageObject\",\"inLanguage\":\"es\",\"@id\":\"https:\/\/nextlabcolombia.com\/#\/schema\/logo\/image\/\",\"url\":\"https:\/\/nextlabcolombia.com\/wp-content\/uploads\/2023\/03\/LOGO-NEXT-LAB.png\",\"contentUrl\":\"https:\/\/nextlabcolombia.com\/wp-content\/uploads\/2023\/03\/LOGO-NEXT-LAB.png\",\"width\":967,\"height\":1038,\"caption\":\"Next Lab Colombia\"},\"image\":{\"@id\":\"https:\/\/nextlabcolombia.com\/#\/schema\/logo\/image\/\"}}]}<\/script>\n<!-- \/ Yoast SEO plugin. -->","yoast_head_json":{"title":"Rastrea tu producto - Next Lab Colombia","robots":{"index":"index","follow":"follow","max-snippet":"max-snippet:-1","max-image-preview":"max-image-preview:large","max-video-preview":"max-video-preview:-1"},"canonical":"https:\/\/nextlabcolombia.com\/index.php\/rastrea-tu-producto\/","og_locale":"es_ES","og_type":"article","og_title":"Rastrea tu producto - Next Lab Colombia","og_description":"Rastrea tu envi\u00f3 de Servientrega Rastrear Rastrea tu envi\u00f3 de Inter rapid\u00edsimo Rastrear","og_url":"https:\/\/nextlabcolombia.com\/index.php\/rastrea-tu-producto\/","og_site_name":"Next Lab Colombia","article_modified_time":"2023-08-26T23:29:10+00:00","og_image":[{"url":"https:\/\/nextlabcolombia.com\/wp-content\/uploads\/2023\/08\/imagen_2023-08-26_182422323.png"}],"twitter_card":"summary_large_image","twitter_misc":{"Tiempo de lectura":"1 minuto"},"schema":{"@context":"https:\/\/schema.org","@graph":[{"@type":"WebPage","@id":"https:\/\/nextlabcolombia.com\/index.php\/rastrea-tu-producto\/","url":"https:\/\/nextlabcolombia.com\/index.php\/rastrea-tu-producto\/","name":"Rastrea tu producto - Next Lab Colombia","isPartOf":{"@id":"https:\/\/nextlabcolombia.com\/#website"},"primaryImageOfPage":{"@id":"https:\/\/nextlabcolombia.com\/index.php\/rastrea-tu-producto\/#primaryimage"},"image":{"@id":"https:\/\/nextlabcolombia.com\/index.php\/rastrea-tu-producto\/#primaryimage"},"thumbnailUrl":"https:\/\/nextlabcolombia.com\/wp-content\/uploads\/2023\/08\/imagen_2023-08-26_182422323.png","datePublished":"2023-08-26T22:58:06+00:00","dateModified":"2023-08-26T23:29:10+00:00","breadcrumb":{"@id":"https:\/\/nextlabcolombia.com\/index.php\/rastrea-tu-producto\/#breadcrumb"},"inLanguage":"es","potentialAction":[{"@type":"ReadAction","target":["https:\/\/nextlabcolombia.com\/index.php\/rastrea-tu-producto\/"]}]},{"@type":"ImageObject","inLanguage":"es","@id":"https:\/\/nextlabcolombia.com\/index.php\/rastrea-tu-producto\/#primaryimage","url":"https:\/\/nextlabcolombia.com\/wp-content\/uploads\/2023\/08\/imagen_2023-08-26_182422323.png","contentUrl":"https:\/\/nextlabcolombia.com\/wp-content\/uploads\/2023\/08\/imagen_2023-08-26_182422323.png","width":1000,"height":716},{"@type":"BreadcrumbList","@id":"https:\/\/nextlabcolombia.com\/index.php\/rastrea-tu-producto\/#breadcrumb","itemListElement":[{"@type":"ListItem","position":1,"name":"Portada","item":"https:\/\/nextlabcolombia.com\/"},{"@type":"ListItem","position":2,"name":"Rastrea tu producto"}]},{"@type":"WebSite","@id":"https:\/\/nextlabcolombia.com\/#website","url":"https:\/\/nextlabcolombia.com\/","name":"Next Lab Colombia","description":"","publisher":{"@id":"https:\/\/nextlabcolombia.com\/#organization"},"potentialAction":[{"@type":"SearchAction","target":{"@type":"EntryPoint","urlTemplate":"https:\/\/nextlabcolombia.com\/?s={search_term_string}"},"query-input":{"@type":"PropertyValueSpecification","valueRequired":true,"valueName":"search_term_string"}}],"inLanguage":"es"},{"@type":"Organization","@id":"https:\/\/nextlabcolombia.com\/#organization","name":"Next Lab Colombia","url":"https:\/\/nextlabcolombia.com\/","logo":{"@type":"ImageObject","inLanguage":"es","@id":"https:\/\/nextlabcolombia.com\/#\/schema\/logo\/image\/","url":"https:\/\/nextlabcolombia.com\/wp-content\/uploads\/2023\/03\/LOGO-NEXT-LAB.png","contentUrl":"https:\/\/nextlabcolombia.com\/wp-content\/uploads\/2023\/03\/LOGO-NEXT-LAB.png","width":967,"height":1038,"caption":"Next Lab Colombia"},"image":{"@id":"https:\/\/nextlabcolombia.com\/#\/schema\/logo\/image\/"}}]}},"_links":{"self":[{"href":"https:\/\/nextlabcolombia.com\/index.php\/wp-json\/wp\/v2\/pages\/1060","targetHints":{"allow":["GET"]}}],"collection":[{"href":"https:\/\/nextlabcolombia.com\/index.php\/wp-json\/wp\/v2\/pages"}],"about":[{"href":"https:\/\/nextlabcolombia.com\/index.php\/wp-json\/wp\/v2\/types\/page"}],"author":[{"embeddable":true,"href":"https:\/\/nextlabcolombia.com\/index.php\/wp-json\/wp\/v2\/users\/1"}],"replies":[{"embeddable":true,"href":"https:\/\/nextlabcolombia.com\/index.php\/wp-json\/wp\/v2\/comments?post=1060"}],"version-history":[{"count":9,"href":"https:\/\/nextlabcolombia.com\/index.php\/wp-json\/wp\/v2\/pages\/1060\/revisions"}],"predecessor-version":[{"id":1073,"href":"https:\/\/nextlabcolombia.com\/index.php\/wp-json\/wp\/v2\/pages\/1060\/revisions\/1073"}],"wp:attachment":[{"href":"https:\/\/nextlabcolombia.com\/index.php\/wp-json\/wp\/v2\/media?parent=1060"}],"curies":[{"name":"wp","href":"https:\/\/api.w.org\/{rel}","templated":true}]}}